{"id":294,"date":"2015-03-21T21:15:22","date_gmt":"2015-03-21T20:15:22","guid":{"rendered":"http:\/\/www.nadines-kunst.de\/?page_id=294"},"modified":"2020-02-14T22:21:27","modified_gmt":"2020-02-14T21:21:27","slug":"ausstellung-im-bistro-abaco-2011-in-ludwigshafen","status":"publish","type":"page","link":"http:\/\/www.nadines-kunst.de\/?page_id=294","title":{"rendered":"Ausstellung im Bistro Abaco 2011 in Ludwigshafen"},"content":{"rendered":"<p><em><span style=\"font-family: Trebuchet MS,Geneva;\">Die Ausstellung fand Oktober 2011 im <a title=\"Bistro Abaco\" href=\"http:\/\/www.bistroabaco.de\/\" target=\"_blank\" rel=\"noopener noreferrer\">Bistro Abaco<\/a> in Ludwigshafen statt.<\/span><\/em><br \/>\n<em><span style=\"font-family: Trebuchet MS,Geneva;\">Ich m\u00f6chte mich bei allen bedanken, die es mir erm\u00f6glicht haben, im<\/span><\/em><br \/>\n<em><span style=\"font-family: Trebuchet MS,Geneva;\">Abaco auszustellen.<\/span><\/em><br \/>\n<em><span style=\"font-family: Trebuchet MS,Geneva;\">Zu dieser Ausstellung hatten sich Bilder mit Eindr\u00fccken unserer<\/span><\/em><br \/>\n<em><span style=\"font-family: Trebuchet MS,Geneva;\">Gardasee Urlaube zusammengefunden.<\/span><\/em><\/p>\n<div class=\"gmedia_gallery flipgrid_module is_bot\" id=\"GmediaGallery_4\" data-gmid=\"4\" data-module=\"flipgrid\"><style type='text\/css' class='gmedia_module_style_import'>@import url('http:\/\/www.nadines-kunst.de\/wp-content\/grand-media\/module\/flipgrid\/css\/style.css?v=1.4') all;<\/style>\n<noscript class=\"module_GmediaList\">\n\t<p>JavaScript is not enabled in your browser<\/p>\n<\/noscript>\n<script type=\"text\/javascript\">\n\tfunction gMediaListINIT()\n\t{\n\t\tvar id = 'gMediaList'+Math.floor((1 + Math.random()) * 0x10000);\n\t\tvar dataDIVs = document.body.getElementsByClassName('module_GmediaList');\n\t\tdataDIVs[dataDIVs.length-1].setAttribute('app-id', id);\n\t\tthis[id] = {'settings':{\"pagination\":\"1\",\"pagination_button_text\":\"Load more\",\"imagesPperPage\":\"10\",\"filterTag\":\"1\",\"activColor\":\"3498db\",\"reverseColor\":\"ffffff\",\"columns\":\"4\",\"thumbRecomendedSize\":\"150\",\"spaceX\":\"3\",\"spaceY\":\"3\",\"thumbTitleVisibility\":\"1\",\"lightboxBGColor\":\"ffffff\",\"socialShareEnabled\":\"1\",\"customCSS\":\"\"}, \"appQuery\":{\"orderby\":\"ID\",\"order\":\"DESC\",\"album__in\":\"4\",\"status\":[\"publish\"]}, \"appApi\":\"http:\\\/\\\/www.nadines-kunst.de\\\/?gmedia-app=1&gmappversion=4&gmmodule=1\"};\n\t}\n\tgMediaListINIT();\n <\/script><\/div>\n","protected":false},"excerpt":{"rendered":"<p>Die Ausstellung fand Oktober 2011 im Bistro Abaco in Ludwigshafen statt. Ich m\u00f6chte mich bei allen bedanken, die es mir erm\u00f6glicht haben, im Abaco auszustellen. Zu dieser Ausstellung hatten sich Bilder mit Eindr\u00fccken unserer Gardasee Urlaube zusammengefunden.<\/p>\n","protected":false},"author":1,"featured_media":0,"parent":0,"menu_order":0,"comment_status":"open","ping_status":"open","template":"","meta":[],"_links":{"self":[{"href":"http:\/\/www.nadines-kunst.de\/index.php?rest_route=\/wp\/v2\/pages\/294"}],"collection":[{"href":"http:\/\/www.nadines-kunst.de\/index.php?rest_route=\/wp\/v2\/pages"}],"about":[{"href":"http:\/\/www.nadines-kunst.de\/index.php?rest_route=\/wp\/v2\/types\/page"}],"author":[{"embeddable":true,"href":"http:\/\/www.nadines-kunst.de\/index.php?rest_route=\/wp\/v2\/users\/1"}],"replies":[{"embeddable":true,"href":"http:\/\/www.nadines-kunst.de\/index.php?rest_route=%2Fwp%2Fv2%2Fcomments&post=294"}],"version-history":[{"count":7,"href":"http:\/\/www.nadines-kunst.de\/index.php?rest_route=\/wp\/v2\/pages\/294\/revisions"}],"predecessor-version":[{"id":1061,"href":"http:\/\/www.nadines-kunst.de\/index.php?rest_route=\/wp\/v2\/pages\/294\/revisions\/1061"}],"wp:attachment":[{"href":"http:\/\/www.nadines-kunst.de\/index.php?rest_route=%2Fwp%2Fv2%2Fmedia&parent=294"}],"curies":[{"name":"wp","href":"https:\/\/api.w.org\/{rel}","templated":true}]}}

<p><em><span style="font-family: Trebuchet MS,Geneva;">Die Ausstellung fand Oktober 2011 im <a title="Bistro Abaco" href="http://www.bistroabaco.de/" target="_blank" rel="noopener noreferrer">Bistro Abaco</a> in Ludwigshafen statt.</span></em><br />
<em><span style="font-family: Trebuchet MS,Geneva;">Ich möchte mich bei allen bedanken, die es mir ermöglicht haben, im</span></em><br />
<em><span style="font-family: Trebuchet MS,Geneva;">Abaco auszustellen.</span></em><br />
<em><span style="font-family: Trebuchet MS,Geneva;">Zu dieser Ausstellung hatten sich Bilder mit Eindrücken unserer</span></em><br />
<em><span style="font-family: Trebuchet MS,Geneva;">Gardasee Urlaube zusammengefunden.</span></em></p>
<div class="gmedia_gallery flipgrid_module is_bot" id="GmediaGallery_4" data-gmid="4" data-module="flipgrid"><style type='text/css' class='gmedia_module_style_import'>@import url('http://www.nadines-kunst.de/wp-content/grand-media/module/flipgrid/css/style.css?v=1.4') all;</style>
<noscript class="module_GmediaList">
	<p>JavaScript is not enabled in your browser</p>
</noscript>
<script type="text/javascript">
	function gMediaListINIT()
	{
		var id = 'gMediaList'+Math.floor((1 + Math.random()) * 0x10000);
		var dataDIVs = document.body.getElementsByClassName('module_GmediaList');
		dataDIVs[dataDIVs.length-1].setAttribute('app-id', id);
		this[id] = {'settings':{"pagination":"1","pagination_button_text":"Load more","imagesPperPage":"10","filterTag":"1","activColor":"3498db","reverseColor":"ffffff","columns":"4","thumbRecomendedSize":"150","spaceX":"3","spaceY":"3","thumbTitleVisibility":"1","lightboxBGColor":"ffffff","socialShareEnabled":"1","customCSS":""}, "appQuery":{"orderby":"ID","order":"DESC","album__in":"4","status":["publish"]}, "appApi":"http:\/\/www.nadines-kunst.de\/?gmedia-app=1&gmappversion=4&gmmodule=1"};
	}
	gMediaListINIT();
 </script></div>

<p>Die Ausstellung fand Oktober 2011 im Bistro Abaco in Ludwigshafen statt. Ich möchte mich bei allen bedanken, die es mir ermöglicht haben, im Abaco auszustellen. Zu dieser Ausstellung hatten sich Bilder mit Eindrücken unserer Gardasee Urlaube zusammengefunden.</p>
