{"id":36,"date":"2015-03-04T22:28:16","date_gmt":"2015-03-04T21:28:16","guid":{"rendered":"http:\/\/www.nadines-kunst.de\/nl\/?page_id=36"},"modified":"2015-03-17T22:34:37","modified_gmt":"2015-03-17T21:34:37","slug":"impressum","status":"publish","type":"page","link":"http:\/\/www.nadines-kunst.de\/?page_id=36","title":{"rendered":"Impressum"},"content":{"rendered":"<table border=\"0\" width=\"95%\" cellspacing=\"2\" cellpadding=\"2\" align=\"left\">\n<tbody>\n<tr class=\"Stil1\">\n<td width=\"80\">\n<div align=\"right\"><em><span style=\"font-family: Trebuchet MS,Geneva; font-size: 12pt;\">Name:<\/span><\/em><\/div>\n<\/td>\n<td width=\"220\"><em><span style=\"font-size: 12pt; font-family: Trebuchet MS,Geneva;\">Nadine L\u00e4ber<\/span><\/em><\/td>\n<\/tr>\n<tr class=\"Stil1\">\n<td width=\"80\">\n<div align=\"right\"><span style=\"font-size: 12pt; font-family: Trebuchet MS,Geneva;\"><em>Stra\u00dfe:<\/em><\/span><\/div>\n<\/td>\n<td width=\"220\"><em><span style=\"font-size: 12pt; font-family: Trebuchet MS,Geneva;\">Kropsburgstra\u00dfe 48<\/span><\/em><\/td>\n<\/tr>\n<tr class=\"Stil1\">\n<td width=\"80\">\n<div align=\"right\"><span style=\"font-size: 12pt;\"><em><span style=\"font-family: Trebuchet MS,Geneva;\">Wohnort:<\/span><\/em><\/span><\/div>\n<\/td>\n<td width=\"220\"><span style=\"font-size: 12pt; font-family: Trebuchet MS,Geneva;\"><em>67117 Limburgerhof<\/em><\/span><\/td>\n<\/tr>\n<tr class=\"Stil1\">\n<td width=\"80\">\n<div align=\"right\"><span style=\"font-family: Trebuchet MS,Geneva; font-size: 12pt;\"><em>Telefon:<\/em><\/span><\/div>\n<\/td>\n<td width=\"220\"><span style=\"font-size: 12pt; font-family: Trebuchet MS,Geneva;\"><em>06236-439275<\/em><\/span><\/td>\n<\/tr>\n<tr class=\"Stil1\">\n<td width=\"80\">\n<div align=\"right\"><em><span style=\"font-size: 12pt; font-family: Trebuchet MS,Geneva;\">Mobil:<\/span><\/em><\/div>\n<\/td>\n<td width=\"220\"><em><span style=\"font-size: 12pt; font-family: Trebuchet MS,Geneva;\">0162-6926937<\/span><\/em><\/td>\n<\/tr>\n<tr class=\"Stil1\">\n<td width=\"80\">\n<div align=\"right\"><em><span style=\"font-size: 12pt; font-family: Trebuchet MS,Geneva;\">eMail:<\/span><\/em><\/div>\n<\/td>\n<td width=\"220\"><em><span style=\"font-family: Trebuchet MS,Geneva; font-size: 12pt;\">nadine.laeber{at}gmail.com<\/span><\/em><\/td>\n<\/tr>\n<tr>\n<td colspan=\"2\"><\/td>\n<\/tr>\n<tr>\n<td colspan=\"2\"><em><span style=\"text-decoration: underline; font-family: Trebuchet MS,Geneva; font-size: 12pt;\">Haftungshinweis:<\/span><\/em><\/p>\n<div align=\"justify\"><em><span style=\"font-family: Trebuchet MS,Geneva; font-size: 12pt;\">Trotz sorgf\u00e4ltiger inhaltlicher Kontrolle \u00fcbernehmen wir keine Haftung f\u00fcr die Inhalte externer Links. F\u00fcr den Inhalt der verlinkten Seiten sind ausschlie\u00dflich deren Betreiber verantwortlich.<\/span><\/em><\/div>\n<\/td>\n<\/tr>\n<\/tbody>\n<\/table>\n","protected":false},"excerpt":{"rendered":"<p>Name: Nadine L\u00e4ber Stra\u00dfe: Kropsburgstra\u00dfe 48 Wohnort: 67117 Limburgerhof Telefon: 06236-439275 Mobil: 0162-6926937 eMail: nadine.laeber{at}gmail.com Haftungshinweis: Trotz sorgf\u00e4ltiger inhaltlicher Kontrolle \u00fcbernehmen wir keine Haftung f\u00fcr die Inhalte externer Links. F\u00fcr den Inhalt der verlinkten Seiten sind ausschlie\u00dflich deren Betreiber verantwortlich.<\/p>\n","protected":false},"author":1,"featured_media":0,"parent":0,"menu_order":0,"comment_status":"open","ping_status":"open","template":"","meta":[],"_links":{"self":[{"href":"http:\/\/www.nadines-kunst.de\/index.php?rest_route=\/wp\/v2\/pages\/36"}],"collection":[{"href":"http:\/\/www.nadines-kunst.de\/index.php?rest_route=\/wp\/v2\/pages"}],"about":[{"href":"http:\/\/www.nadines-kunst.de\/index.php?rest_route=\/wp\/v2\/types\/page"}],"author":[{"embeddable":true,"href":"http:\/\/www.nadines-kunst.de\/index.php?rest_route=\/wp\/v2\/users\/1"}],"replies":[{"embeddable":true,"href":"http:\/\/www.nadines-kunst.de\/index.php?rest_route=%2Fwp%2Fv2%2Fcomments&post=36"}],"version-history":[{"count":6,"href":"http:\/\/www.nadines-kunst.de\/index.php?rest_route=\/wp\/v2\/pages\/36\/revisions"}],"predecessor-version":[{"id":86,"href":"http:\/\/www.nadines-kunst.de\/index.php?rest_route=\/wp\/v2\/pages\/36\/revisions\/86"}],"wp:attachment":[{"href":"http:\/\/www.nadines-kunst.de\/index.php?rest_route=%2Fwp%2Fv2%2Fmedia&parent=36"}],"curies":[{"name":"wp","href":"https:\/\/api.w.org\/{rel}","templated":true}]}}